is -143541 (base 9) in base 5?
-10303142
Convert dc68c (base 15) to base 13.
1b6885
What is 425381 (base 10) in base 16?
67da5
What is -2689214 (base 10) in base 9?
-5047815
-44642 (base 10) to base 5
-2412032
Convert -36b4684 (base 12) to base 3.
-202002221200201
Convert 1067120 (base 8) to base 7.
2316413
65331120 (base 7) to base 5
2412300113
Convert 1b497c (base 16) to base 10.
1788284
What is -20b4a (base 14) in base 11?
-54438
What is -d1997 (base 15) in base 8?
-2420163
What is 311122311 (base 4) in base 11?
13a434
-22160423 (base 7) to base 15
-27c0c5
446041 (base 8) to base 12
73169
3471288 (base 11) to base 10
6063043
What is -1111001100100111011010 (base 2) in base 14?
-759b98
51312404 (base 6) to base 13
3c6a45
What is 6395552 (base 10) in base 3?
110000221001022
Convert -3335183 (base 10) to base 9.
-6243008
What is -2218e7 (base 16) in base 2?
-1000100001100011100111
What is -2324132213 (base 5) in base 2?
-10100001110011110100111
1100111110010000101 (base 2) to base 9
717105
What is 115243555 (base 6) in base 8?
10345037
Convert -22331 (base 7) to base 9.
-7675
What is 233534 (base 8) in base 6?
1413004
What is 173c7a (base 14) in base 12?
335070
What is -11223424 (base 5) in base 2?
-11000110101101011
18974 (base 15) to base 10
79759
Convert 12022220000 (base 3) to base 7.
614550
2024231 (base 5) to base 8
100452
What is 1314342321 (base 5) in base 13?
8a9c63
185351 (base 9) to base 15
24331
412744 (base 8) to base 5
13333201
-28699 (base 15) to base 5
-13122434
Convert -1100101111100101011 (base 2) to base 7.
-3356301
-324b5d (base 14) to base 5
-414003034
Convert 1001100010110101101 (base 2) to base 9.
526008
What is -12013050 (base 7) in base 11?
-666143
What is 2312030212 (base 4) in base 15?
eb1bd
-248727 (base 13) to base 14
-18b166
Convert -4093971 (base 10) to base 2.
-1111100111100000010011
What is -111211022020 (base 3) in base 7?
-2212260
5721162 (base 8) to base 7
16110533
What is -441c1b (base 16) in base 7?
-52640352
-13b9b (base 16) to base 4
-103232123
Convert 15101758 (base 9) to base 12.
2618738
What is -10430402 (base 5) in base 12?
-4570a
What is -b86605 (base 12) in base 3?
-12111001122012
What is 132022231102 (base 4) in base 5?
4011030203
What is 13646436 (base 7) in base 5?
312223332
Convert -3100305 (base 6) to base 8.
-440621
Convert 39767 (base 10) to base 4.
21231113
Convert -31223104 (base 5) to base 15.
-51639
What is -8a208e (base 15) in base 2?
-11001001000011011100110
What is -221223431 (base 5) in base 14?
-1b0392
-711712 (base 8) to base 2
-111001001111001010
Convert -483477 (base 10) to base 6.
-14210153
What is 243636 (base 7) in base 13?
17394
What is -6818a (base 11) in base 4?
-120012121
68827 (base 9) to base 16
b32f
210122320 (base 5) to base 8
3227525
What is 140331213 (base 5) in base 14?
14859c
241a5b (base 13) to base 9
1551706
Convert 4431210 (base 5) to base 8.
226377
What is 91429 (base 10) in base 6?
1543141
What is -68a02a1 (base 11) in base 14?
-18609a9
Convert 10943 (base 15) to base 12.
26609
What is 24149 (base 11) in base 14?
c964
What is 30301102 (base 4) in base 10?
52306
2034654 (base 9) to base 3
2001011201211
Convert -10544651 (base 7) to base 11.
-57840a
Convert -2111020022 (base 3) to base 15.
-e7c8
36670365 (base 8) to base 14
11082a1
221202342 (base 5) to base 8
3522352
What is 128691 (base 15) in base 12?
36a647
Convert -15e3c5 (base 15) to base 16.
-102f02
741701 (base 14) to base 12
1391bb1
Convert -11131202 (base 4) to base 16.
-5762
What is -1030123200 (base 4) in base 11?
-1a4227
-a6254 (base 11) to base 14
-4053b
What is -111102101 (base 4) in base 9?
-142532
-248617 (base 16) to base 10
-2393623
Convert 51e695 (base 15) to base 2.
1110110111001110110000
Convert 488597 (base 12) to base 5.
300112000
What is -1000110001001110000 (base 2) in base 10?
-287344
-101020101020 (base 3) to base 15
-3ea70
What is -707740 (base 9) in base 13?
-118977
What is -858b2 (base 12) in base 11?
-110101
ea015 (base 15) to base 5
142230040
526776 (base 8) to base 16
2adfe
Convert -21737012 (base 8) to base 6.
-244435054
2000223 (base 6) to base 5
10442044
-45061045 (base 8) to base 12
-330b6b1
What is -207815 (base 9) in base 16?
-1e3d7
Convert -2532153 (base 6) to base 14.
-37abb
-200104434 (base 5) to base 6
-24454122
Convert 227a6 (base 15) to base 2.
11010110010100011
579547 (base 10) to base 7
4632433
What is -3126b6 (base 13) in base 5?
-243213442
What is -2301777 (base 9) in base 8?
-4570463
What is -763881 (base 14) in base 12?
-1411989
Convert 1b23b5 (base 13) to base 12.
293729
What is 500a8 (base 16) in base 5?
40442343
What is -122772 (base 10) in base 4?
-131332110
What is -6565044 (base 7) in base 3?
-1111221201220
-34136673 (base 8) to base 16
-70bdbb
22c841 (base 14) to base 11
740921
Convert b61c7c (base 15) to base 16.
84301b
What is -3341234 (base 5) in base 11?
-40316
337306 (base 14) to base 7
20601506
Convert 3312013 (base 4) to base 15.
4a01
Convert 12002200210 (base 3) to base 13.
368c7
Convert 6230546 (base 7) to base 8.
2662756
Convert 2c533 (base 14) to base 11.
76264
What is 389647 (base 15) in base 11?
1594837
15400524 (base 7) to base 16
16926f
2021030021 (base 4) to base 6
20013305
What is -232212203 (base 4) in base 13?
-68b64
2004014021 (base 5) to base 15
5363e1
1102011 (base 5) to base 15
5971
501503 (base 7) to base 5
10202001
Convert 1013021131 (base 5) to base 15.
2b1261
Convert -201200200 (base 3) to base 4.
-3200103
Convert -1736044 (base 8) to base 4.
-1323300210
What is 219ba7 (base 12) in base 11?
3364a7
What is 76753 (base 10) in base 2?
10010101111010001
What is -1ea16 (base 16) in base 5?
-13003322
Convert -b3948 (base 13) to base 16.
-4eb27
Convert -120211001 (base 4) to base 13.
-36a91
Convert -2a3792 (base 12) to base 2.
-10101101101010011110
Convert -52d03 (base 15) to base 13.
-92808
Convert -133 (base 4) to base 2.
-11111
-75846f (base 16) to base 8
-35302157
201221202212 (base 3) to base 16
5fe3d
-3213203212 (base 4) to base 15
-13b054
What is 121b7 (base 12) in base 16?
5f9b
What is b77ce (base 16) in base 14?
157c74
Convert -3cfddf (base 16) to base 13.
-a9c4a2
2341221 (base 7) to base 3
120000201210
Convert -2432088 (base 9) to base 8.
-5022553
Convert -6036321 (base 7) to base 8.
-2565065
-256536 (base 13) to base 8
-3334607
-224201 (base 8) to base 15
-17755
What is 79871 (base 12) in base 7?
1243063
What is -7d75d (base 15) in base 9?
-668517
-12c69c4 (base 15) to base 10
-13539334
What is -203490 (base 12) in base 4?
-1322323230
What is 273e1b (base 15) in base 6?
104233242
Convert 1a0c4 (base 15) to base 2.
10100101001001111
-a12a7 (base 11) to base 14
-3bd88
What is -102112100101 (base 3) in base 13?
-7c405
Convert -53338 (base 16) to base 11.
-213051
What is 496aa (base 16) in base 8?
1113252
Convert -213435541 (base 6) to base 5.
-1434043123
Convert -5025804 (base 10) to base 4.
-103023000030
399059 (base 10) to base 8
1413323
What is -7d3a6d (base 14) in base 4?
-100103210201
What is 1b13775 (base 13) in base 11?
50613a8
What is 1110112102000 (base 3) in base 11?
4916a0
What is 2122120120 (base 3) in base 7?
305061
Convert da3d (base 14) to base 10.
37687
Convert 2032020441 (base 5) to base 13.
b3169c
What is -1010000101101111011 (base 2) in base 12?
-13b3b7
Convert 1b5d1 (base 15) to base 10.
89071
-1032050 (base 6) to base 16
-c73e
What is 41632 (base 9) in base 7?
143066
What is 354c0 (base 14) in base 4?
133232000
What is -202620 (base 9) in base 3?
-20002200200
What is -533150 (base 7) in base 3?
-11200200102
What is -22122020000121 (base 3) in base 15?
-60a254
Convert 101010000101000010000100 (base 2) to base 14.
1671cc4
37246344 (base 8) to base 9
16405273
Convert 350455 (base 7) to base 10.
62662
6468350 (base 10) to base 7
105660110
What is 12311341 (base 5) in base 4?
131030230
What is -133103114 (base 5) in base 10?
-675409
What is 12112121222 (base 3) in base 2?
11010101000010111
What is -10100110100001001 (base 2) in base 5?
-10212012
What is -10201213301 (base 4) in base 13?
-326c60
-200220121120 (base 3) to base 2
-1011010111000001101
25012455 (base 6) to base 3
1111101121122
Convert 2219056 (base 14) to base 16.
f72914
Convert -2010121102120 (base 3) to base 9.
-2117376
-2021200220022 (base 3